vided by 96?
55
Calculate the remainder when 30995782 is divided by 10331875.
157
Calculate the remainder when 5868768 is divided by 838330.
458
Calculate the remainder when 20891089 is divided by 2835.
2809
What is the remainder when 697202 is divided by 212?
146
What is the remainder when 63607 is divided by 9069?
124
Calculate the remainder when 354337138 is divided by 2261.
1
What is the remainder when 1228611 is divided by 1441?
879
Calculate the remainder when 886809 is divided by 56.
49
Calculate the remainder when 21007516 is divided by 5721.
4
What is the remainder when 4686298 is divided by 3268?
3254
Calculate the remainder when 77060 is divided by 1436.
952
What is the remainder when 227718 is divided by 521?
41
What is the remainder when 71867016 is divided by 161?
158
Calculate the remainder when 246715 is divided by 1262.
625
Calculate the remainder when 415747 is divided by 22601.
8929
Calculate the remainder when 1940259 is divided by 712.
59
What is the remainder when 160734 is divided by 330?
24
Calculate the remainder when 1188571 is divided by 5553.
229
Calculate the remainder when 874 is divided by 642.
232
What is the remainder when 130720 is divided by 882?
184
What is the remainder when 1920000 is divided by 147691?
17
What is the remainder when 4110 is divided by 284?
134
What is the remainder when 165049684 is divided by 3798?
3796
Calculate the remainder when 27805 is divided by 5381.
900
What is the remainder when 282836 is divided by 94274?
14
What is the remainder when 1084049 is divided by 4883?
23
What is the remainder when 163567934 is divided by 359?
354
Calculate the remainder when 22837949 is divided by 11.
2
What is the remainder when 16215955 is divided by 1621593?
25
Calculate the remainder when 1389875 is divided by 96.
83
Calculate the remainder when 111796611 is divided by 16721.
5
What is the remainder when 41225879 is divided by 417?
8
Calculate the remainder when 61755 is divided by 1684.
1131
What is the remainder when 248158 is divided by 350?
8
What is the remainder when 250442 is divided by 5962?
38
What is the remainder when 4586703 is divided by 78?
69
Calculate the remainder when 201326 is divided by 7429.
743
What is the remainder when 1294790 is divided by 6347?
2
What is the remainder when 22745287 is divided by 7581655?
322
What is the remainder when 11982454 is divided by 386526?
148
What is the remainder when 1605777 is divided by 5654?
41
Calculate the remainder when 223381 is divided by 866.
819
Calculate the remainder when 76896 is divided by 38346.
204
What is the remainder when 243662 is divided by 916?
6
What is the remainder when 3928648 is divided by 785716?
68
Calculate the remainder when 101887 is divided by 694.
563
Calculate the remainder when 637890 is divided by 6268.
4822
What is the remainder when 18293121 is divided by 57?
54
What is the remainder when 21988786 is divided by 17072?
50
Calculate the remainder when 427680 is divided by 1540.
1100
What is the remainder when 17076054 is divided by 262708?
34
What is the remainder when 25156071 is divided by 4192678?
3
Calculate the remainder when 1576563849 is divided by 879.
876
Calculate the remainder when 5828367 is divided by 175.
167
What is the remainder when 184191 is divided by 6409?
4739
Calculate the remainder when 620035 is divided by 194.
11
What is the remainder when 557112 is divided by 91732?
6720
What is the remainder when 121836959 is divided by 357?
356
Calculate the remainder when 37817608 is divided by 18908797.
14
What is the remainder when 150063 is divided by 100?
63
Calculate the remainder when 7343354 is divided by 12.
2
What is the remainder when 64662154 is divided by 124?
122
Calculate the remainder when 8884 is divided by 260.
44
Calculate the remainder when 447231 is divided by 187.
114
Calculate the remainder when 89454 is divided by 44207.
1040
What is the remainder when 530204 is divided by 255?
59
Calculate the remainder when 39207 is divided by 909.
120
Calculate the remainder when 1945022 is divided by 910.
352
Calculate the remainder when 33084 is divided by 853.
670
Calculate the remainder when 265118 is divided by 21975.
1418
What is the remainder when 8466390 is divided by 2162?
2160
Calculate the remainder when 53572882 is divided by 1259.
1173
What is the remainder when 18963322 is divided by 289?
9
Calculate the remainder when 1006210 is divided by 94.
34
Calculate the remainder when 1415505 is divided by 31.
14
What is the remainder when 5380786 is divided by 1345155?
166
What is the remainder when 1103234 is divided by 244?
110
Calculate the remainder when 3473233 is divided by 11616.
49
What is the remainder when 146469 is divided by 945?
939
What is the remainder when 2789434 is divided by 33?
10
Calculate the remainder when 30679 is divided by 4285.
684
Calculate the remainder when 6115162 is divided by 169865.
22
What is the remainder when 1495487 is divided by 747736?
15
Calculate the remainder when 371010 is divided by 123373.
891
Calculate the remainder when 4010301 is divided by 341.
141
What is the remainder when 376825 is divided by 206?
51
What is the remainder when 11823620 is divided by 342?
338
What is the remainder when 5882 is divided by 240?
122
What is the remainder when 29043552 is divided by 1087?
1086
What is the remainder when 969135 is divided by 260?
115
Calculate the remainder when 10874162 is divided by 129454.
26
What is the remainder when 114459 is divided by 241?
225
Calculate the remainder when 20509 is divided by 432.
205
What is the remainder when 589498 is divided by 19?
4
What is the remainder when 462188 is divided by 640?
108
What is the remainder when 7051873 is divided by 25?
23
Calculate the remainder when 43648220 is divided by 2224.
2220
Calculate the remainder when 51800245 is divided by 3761.
3753
Calculate the remainder when 1324835 is divided by 662388.
59
Calculate the remainder when 727695 is divided by 51960.
255
Calculate the remainder when 148029 is divided by 779.
19
Calculate the remainder when 299633055 is divided by 99877679.
18
Calculate the remainder when 302202 is divided by 100564.
510
What is the remainder when 52427924 is divided by 185?
34
What is the remainder when 55225 is divided by 27117?
991
What is the remainder when 7764672 is divided by 2588224?
0
Calculate the remainder when 30744993 is divided by 5.
3
Calculate the remainder when 547455 is divided by 136862.
7
What is the remainder when 2381125 is divided by 497?
495
What is the remainder when 48814647 is divided by 1350?
1347
Calculate the remainder when 123472 is divided by 61694.
84
What is the remainder when 34688 is divided by 1650?
38
What is the remainder when 533074 is divided by 63?
31
What is the remainder when 15264345 is divided by 66?
63
Calculate the remainder when 27427 is divided by 46.
11
Calculate the remainder when 18230 is divided by 5406.
2012
Calculate the remainder when 46615046 is divided by 182804.
26
Calculate the remainder when 2958416 is divided by 211309.
90
What is the remainder when 23049600 is divided by 32881?
19
What is the remainder when 50649 is divided by 12625?
149
Calculate the remainder when 11110312 is divided by 144.
136
Calculate the remainder when 339899 is divided by 33979.
109
Calculate the remainder when 3968470 is divided by 396790.
570
What is the remainder when 168124 is divided by 11109?
1489
What is the remainder when 1468916 is divided by 2756?
2724
What is the remainder when 142772 is divided by 453?
77
What is the remainder when 111365 is divided by 110946?
419
Calculate the remainder when 3173718 is divided by 634742.
8
Calculate the remainder when 1259433 is divided by 280.
273
Calculate the remainder when 38265576 is divided by 2194.
22
What is the remainder when 11795809 is divided by 737237?
17
Calculate the remainder when 1229461 is divided by 6370.
51
Calculate the remainder when 21461726 is divided by 38.
10
What is the remainder when 1578666 is divided by 10318?
12
Calculate the remainder when 1692464 is divided by 657.
32
Calculate the remainder when 3487810 is divided by 87194.
50
Calculate the remainder when 97400025 is divided by 1326.
21
Calculate the remainder when 2617832 is divided b